{"id":20,"date":"2021-01-19T13:10:32","date_gmt":"2021-01-19T13:10:32","guid":{"rendered":"https:\/\/specklin.ffzg.unizg.hr\/?page_id=20"},"modified":"2026-03-03T11:22:28","modified_gmt":"2026-03-03T11:22:28","slug":"prijava-i-upisi","status":"publish","type":"page","link":"https:\/\/specklin.ffzg.unizg.hr\/index.php\/prijava-i-upisi\/","title":{"rendered":"Prijava i upisi"},"content":{"rendered":"\t\t<div data-elementor-type=\"wp-page\" data-elementor-id=\"20\" class=\"elementor elementor-20\" data-elementor-settings=\"[]\">\n\t\t\t\t\t\t<div class=\"elementor-inner\">\n\t\t\t\t\t\t\t<div class=\"elementor-section-wrap\">\n\t\t\t\t\t\t\t<section class=\"elementor-section elementor-top-section elementor-element elementor-element-ccceafb elementor-section-boxed elementor-section-height-default elementor-section-height-default\" data-id=\"ccceafb\" data-element_type=\"section\" data-settings=\"{&quot;_ha_eqh_enable&quot;:false}\">\n\t\t\t\t\t\t<div class=\"elementor-container elementor-column-gap-default\">\n\t\t\t\t\t\t\t<div class=\"elementor-row\">\n\t\t\t\t\t<div class=\"elementor-column elementor-col-100 elementor-top-column elementor-element elementor-element-36a0f55\" data-id=\"36a0f55\" data-element_type=\"column\">\n\t\t\t<div class=\"elementor-column-wrap elementor-element-populated\">\n\t\t\t\t\t\t\t<div class=\"elementor-widget-wrap\">\n\t\t\t\t\t\t<div class=\"elementor-element elementor-element-8e46231 elementor-widget-divider--view-line elementor-widget elementor-widget-divider\" data-id=\"8e46231\" data-element_type=\"widget\" data-widget_type=\"divider.default\">\n\t\t\t\t<div class=\"elementor-widget-container\">\n\t\t\t\t\t<div class=\"elementor-divider\">\n\t\t\t<span class=\"elementor-divider-separator\">\n\t\t\t\t\t\t<\/span>\n\t\t<\/div>\n\t\t\t\t<\/div>\n\t\t\t\t<\/div>\n\t\t\t\t\t\t<\/div>\n\t\t\t\t\t<\/div>\n\t\t<\/div>\n\t\t\t\t\t\t\t\t<\/div>\n\t\t\t\t\t<\/div>\n\t\t<\/section>\n\t\t\t\t<section class=\"elementor-section elementor-top-section elementor-element elementor-element-2ec2e3a elementor-section-boxed elementor-section-height-default elementor-section-height-default\" data-id=\"2ec2e3a\" data-element_type=\"section\" data-settings=\"{&quot;_ha_eqh_enable&quot;:false}\">\n\t\t\t\t\t\t<div class=\"elementor-container elementor-column-gap-default\">\n\t\t\t\t\t\t\t<div class=\"elementor-row\">\n\t\t\t\t\t<div class=\"elementor-column elementor-col-100 elementor-top-column elementor-element elementor-element-70b63eb\" data-id=\"70b63eb\" data-element_type=\"column\">\n\t\t\t<div class=\"elementor-column-wrap elementor-element-populated\">\n\t\t\t\t\t\t\t<div class=\"elementor-widget-wrap\">\n\t\t\t\t\t\t<div class=\"elementor-element elementor-element-45fc486 elementor-widget elementor-widget-heading\" data-id=\"45fc486\" data-element_type=\"widget\" data-widget_type=\"heading.default\">\n\t\t\t\t<div class=\"elementor-widget-container\">\n\t\t\t<h2 class=\"elementor-heading-title elementor-size-default\">Raspisan je natje\u010daj za upis na Sveu\u010dili\u0161ni specijalisti\u010dki studij klini\u010dke psihologije u akademskoj godini 2026.\/2027.<\/h2>\t\t<\/div>\n\t\t\t\t<\/div>\n\t\t\t\t\t\t<\/div>\n\t\t\t\t\t<\/div>\n\t\t<\/div>\n\t\t\t\t\t\t\t\t<\/div>\n\t\t\t\t\t<\/div>\n\t\t<\/section>\n\t\t\t\t<section class=\"elementor-section elementor-top-section elementor-element elementor-element-2c6f020 elementor-section-boxed elementor-section-height-default elementor-section-height-default\" data-id=\"2c6f020\" data-element_type=\"section\" data-settings=\"{&quot;_ha_eqh_enable&quot;:false}\">\n\t\t\t\t\t\t<div class=\"elementor-container elementor-column-gap-default\">\n\t\t\t\t\t\t\t<div class=\"elementor-row\">\n\t\t\t\t\t<div class=\"elementor-column elementor-col-100 elementor-top-column elementor-element elementor-element-519468c\" data-id=\"519468c\" data-element_type=\"column\">\n\t\t\t<div class=\"elementor-column-wrap elementor-element-populated\">\n\t\t\t\t\t\t\t<div class=\"elementor-widget-wrap\">\n\t\t\t\t\t\t<div class=\"elementor-element elementor-element-60b442a elementor-widget elementor-widget-text-editor\" data-id=\"60b442a\" data-element_type=\"widget\" data-widget_type=\"text-editor.default\">\n\t\t\t\t<div class=\"elementor-widget-container\">\n\t\t\t\t\t<div class=\"elementor-text-editor elementor-clearfix\"><p>Pozivamo sve zainteresirane kandidate sa zavr\u0161enim sveu\u010dili\u0161nim diplomskim studijem psihologije da se prijave na natje\u010daj za upis na Sveu\u010dili\u0161ni specijalisti\u010dki studij klini\u010dke psihologije. Vi\u0161e o uvjetima saznajte u <a href=\"https:\/\/specklin.ffzg.unizg.hr\/wp-content\/uploads\/2026\/03\/Natjecaj_specijalisticki-26-28.pdf\">tekstu natje\u010daja<\/a>. Prijave na natje\u010daj otvorene su do 31.5.2026. nakon \u010dega \u0107e uslijediti motivacijski intervju.<\/p><\/div>\n\t\t\t\t<\/div>\n\t\t\t\t<\/div>\n\t\t\t\t\t\t<\/div>\n\t\t\t\t\t<\/div>\n\t\t<\/div>\n\t\t\t\t\t\t\t\t<\/div>\n\t\t\t\t\t<\/div>\n\t\t<\/section>\n\t\t\t\t<section class=\"elementor-section elementor-top-section elementor-element elementor-element-20c25ee elementor-section-boxed elementor-section-height-default elementor-section-height-default\" data-id=\"20c25ee\" data-element_type=\"section\" data-settings=\"{&quot;_ha_eqh_enable&quot;:false}\">\n\t\t\t\t\t\t<div class=\"elementor-container elementor-column-gap-default\">\n\t\t\t\t\t\t\t<div class=\"elementor-row\">\n\t\t\t\t\t<div class=\"elementor-column elementor-col-100 elementor-top-column elementor-element elementor-element-14a0b37\" data-id=\"14a0b37\" data-element_type=\"column\">\n\t\t\t<div class=\"elementor-column-wrap elementor-element-populated\">\n\t\t\t\t\t\t\t<div class=\"elementor-widget-wrap\">\n\t\t\t\t\t\t<div class=\"elementor-element elementor-element-5578f69 elementor-widget-divider--view-line elementor-widget elementor-widget-divider\" data-id=\"5578f69\" data-element_type=\"widget\" data-widget_type=\"divider.default\">\n\t\t\t\t<div class=\"elementor-widget-container\">\n\t\t\t\t\t<div class=\"elementor-divider\">\n\t\t\t<span class=\"elementor-divider-separator\">\n\t\t\t\t\t\t<\/span>\n\t\t<\/div>\n\t\t\t\t<\/div>\n\t\t\t\t<\/div>\n\t\t\t\t\t\t<\/div>\n\t\t\t\t\t<\/div>\n\t\t<\/div>\n\t\t\t\t\t\t\t\t<\/div>\n\t\t\t\t\t<\/div>\n\t\t<\/section>\n\t\t\t\t<section class=\"elementor-section elementor-top-section elementor-element elementor-element-d3e4948 elementor-section-boxed elementor-section-height-default elementor-section-height-default\" data-id=\"d3e4948\" data-element_type=\"section\" data-settings=\"{&quot;_ha_eqh_enable&quot;:false}\">\n\t\t\t\t\t\t<div class=\"elementor-container elementor-column-gap-default\">\n\t\t\t\t\t\t\t<div class=\"elementor-row\">\n\t\t\t\t\t<div class=\"elementor-column elementor-col-100 elementor-top-column elementor-element elementor-element-9197f81\" data-id=\"9197f81\" data-element_type=\"column\">\n\t\t\t<div class=\"elementor-column-wrap elementor-element-populated\">\n\t\t\t\t\t\t\t<div class=\"elementor-widget-wrap\">\n\t\t\t\t\t\t<div class=\"elementor-element elementor-element-98f619b elementor-widget elementor-widget-text-editor\" data-id=\"98f619b\" data-element_type=\"widget\" data-widget_type=\"text-editor.default\">\n\t\t\t\t<div class=\"elementor-widget-container\">\n\t\t\t\t\t<div class=\"elementor-text-editor elementor-clearfix\"><p>Sveu\u010dili\u0161ni specijalisti\u010dki\u00a0 studij\u00a0 klini\u010dke psihologije\u00a0 organizira\u00a0 se\u00a0 u\u00a0 trajanju\u00a0 od\u00a0 4 semestra\u00a0 za\u00a0 osobe\u00a0 koje\u00a0 su\u00a0 zavr\u0161ile\u00a0 odgovaraju\u0107i\u00a0 sveu\u010dili\u0161ni\u00a0 diplomski\u00a0 studij\u00a0 iz\u00a0 podru\u010dja dru\u0161tvenih\u00a0 znanosti\u00a0 (studij\u00a0 psihologije).\u00a0 Tijekom\u00a0 sveu\u010dili\u0161nog specijalisti\u010dkog\u00a0 studija pristupnici stje\u010du 120 ECTS bodova.<\/p><p>Uz po\u0161tivanje svih formalnih uvjeta, prednost pri upisu imat \u0107e pristupnici koji imaju vi\u0161e godina radnog sta\u017ea u podru\u010dju klini\u010dke psihologije.<\/p><p>Odabir kandidata temeljit \u0107e se na pregledu podnesene dokumentacije, \u010dime \u0107e se odabrati pristupnici koji ispunjavaju uvjete za studij. Nepravovremene i nepotpune prijave ne\u0107e se razmatrati. Povjerenstvo mo\u017ee zatra\u017eiti dodatne dokaze o stru\u010dnome radu.<\/p><p>Broj mjesta: 25<\/p><p>\u0160kolarina studija po semestru: 1.600,00 EUR<\/p><p>\u0160kolarina studija ne uklju\u010duje tiskanje diplome i promociju.<\/p><\/div>\n\t\t\t\t<\/div>\n\t\t\t\t<\/div>\n\t\t\t\t\t\t<\/div>\n\t\t\t\t\t<\/div>\n\t\t<\/div>\n\t\t\t\t\t\t\t\t<\/div>\n\t\t\t\t\t<\/div>\n\t\t<\/section>\n\t\t\t\t<section class=\"elementor-section elementor-top-section elementor-element elementor-element-5518c19 elementor-section-boxed elementor-section-height-default elementor-section-height-default\" data-id=\"5518c19\" data-element_type=\"section\" data-settings=\"{&quot;_ha_eqh_enable&quot;:false}\">\n\t\t\t\t\t\t<div class=\"elementor-container elementor-column-gap-default\">\n\t\t\t\t\t\t\t<div class=\"elementor-row\">\n\t\t\t\t\t<div class=\"elementor-column elementor-col-100 elementor-top-column elementor-element elementor-element-bee2616\" data-id=\"bee2616\" data-element_type=\"column\">\n\t\t\t<div class=\"elementor-column-wrap elementor-element-populated\">\n\t\t\t\t\t\t\t<div class=\"elementor-widget-wrap\">\n\t\t\t\t\t\t<div class=\"elementor-element elementor-element-b4290ab elementor-widget-divider--view-line elementor-widget elementor-widget-divider\" data-id=\"b4290ab\" data-element_type=\"widget\" data-widget_type=\"divider.default\">\n\t\t\t\t<div class=\"elementor-widget-container\">\n\t\t\t\t\t<div class=\"elementor-divider\">\n\t\t\t<span class=\"elementor-divider-separator\">\n\t\t\t\t\t\t<\/span>\n\t\t<\/div>\n\t\t\t\t<\/div>\n\t\t\t\t<\/div>\n\t\t\t\t\t\t<\/div>\n\t\t\t\t\t<\/div>\n\t\t<\/div>\n\t\t\t\t\t\t\t\t<\/div>\n\t\t\t\t\t<\/div>\n\t\t<\/section>\n\t\t\t\t<section class=\"elementor-section elementor-top-section elementor-element elementor-element-1467d1d elementor-section-boxed elementor-section-height-default elementor-section-height-default\" data-id=\"1467d1d\" data-element_type=\"section\" data-settings=\"{&quot;_ha_eqh_enable&quot;:false}\">\n\t\t\t\t\t\t<div class=\"elementor-container elementor-column-gap-default\">\n\t\t\t\t\t\t\t<div class=\"elementor-row\">\n\t\t\t\t\t<div class=\"elementor-column elementor-col-100 elementor-top-column elementor-element elementor-element-1c62b7f\" data-id=\"1c62b7f\" data-element_type=\"column\">\n\t\t\t<div class=\"elementor-column-wrap elementor-element-populated\">\n\t\t\t\t\t\t\t<div class=\"elementor-widget-wrap\">\n\t\t\t\t\t\t<div class=\"elementor-element elementor-element-7b2830e elementor-widget elementor-widget-heading\" data-id=\"7b2830e\" data-element_type=\"widget\" data-widget_type=\"heading.default\">\n\t\t\t\t<div class=\"elementor-widget-container\">\n\t\t\t<h2 class=\"elementor-heading-title elementor-size-default\">Uvjeti i kriteriji upisa<\/h2>\t\t<\/div>\n\t\t\t\t<\/div>\n\t\t\t\t\t\t<\/div>\n\t\t\t\t\t<\/div>\n\t\t<\/div>\n\t\t\t\t\t\t\t\t<\/div>\n\t\t\t\t\t<\/div>\n\t\t<\/section>\n\t\t\t\t<section class=\"elementor-section elementor-top-section elementor-element elementor-element-b1f83d7 elementor-section-boxed elementor-section-height-default elementor-section-height-default\" data-id=\"b1f83d7\" data-element_type=\"section\" data-settings=\"{&quot;_ha_eqh_enable&quot;:false}\">\n\t\t\t\t\t\t<div class=\"elementor-container elementor-column-gap-default\">\n\t\t\t\t\t\t\t<div class=\"elementor-row\">\n\t\t\t\t\t<div class=\"elementor-column elementor-col-100 elementor-top-column elementor-element elementor-element-739f7dc\" data-id=\"739f7dc\" data-element_type=\"column\">\n\t\t\t<div class=\"elementor-column-wrap elementor-element-populated\">\n\t\t\t\t\t\t\t<div class=\"elementor-widget-wrap\">\n\t\t\t\t\t\t<div class=\"elementor-element elementor-element-47bbd30 elementor-widget elementor-widget-text-editor\" data-id=\"47bbd30\" data-element_type=\"widget\" data-widget_type=\"text-editor.default\">\n\t\t\t\t<div class=\"elementor-widget-container\">\n\t\t\t\t\t<div class=\"elementor-text-editor elementor-clearfix\"><ul><li>diplomirani psiholozi\/profesori psihologije koji su studij zavr\u0161ili prema obrazovnim programima va\u017ee\u0107ima do 2005.\/2006. godine, te psiholozi koji su zavr\u0161ili sveu\u010dili\u0161ni diplomski studij psihologije (magistri struke)<\/li><li>najmanje godinu dana sta\u017ea u neposrednom radu s ljudima<\/li><li>mogu\u0107nost provo\u0111enja samostalnog rada u podru\u010dju psiholo\u0161ke djelatnosti prema propisima zemlje u kojoj kandidat radi (kandidati iz Hrvatske trebaju zadovoljiti uvjete propisane Zakonom o psiholo\u0161koj djelatnosti)<\/li><\/ul><\/div>\n\t\t\t\t<\/div>\n\t\t\t\t<\/div>\n\t\t\t\t\t\t<\/div>\n\t\t\t\t\t<\/div>\n\t\t<\/div>\n\t\t\t\t\t\t\t\t<\/div>\n\t\t\t\t\t<\/div>\n\t\t<\/section>\n\t\t\t\t<section class=\"elementor-section elementor-top-section elementor-element elementor-element-2d3dda9 elementor-section-boxed elementor-section-height-default elementor-section-height-default\" data-id=\"2d3dda9\" data-element_type=\"section\" data-settings=\"{&quot;_ha_eqh_enable&quot;:false}\">\n\t\t\t\t\t\t<div class=\"elementor-container elementor-column-gap-default\">\n\t\t\t\t\t\t\t<div class=\"elementor-row\">\n\t\t\t\t\t<div class=\"elementor-column elementor-col-100 elementor-top-column elementor-element elementor-element-ae6d483\" data-id=\"ae6d483\" data-element_type=\"column\">\n\t\t\t<div class=\"elementor-column-wrap elementor-element-populated\">\n\t\t\t\t\t\t\t<div class=\"elementor-widget-wrap\">\n\t\t\t\t\t\t<div class=\"elementor-element elementor-element-ec4fd0d elementor-widget-divider--view-line elementor-widget elementor-widget-divider\" data-id=\"ec4fd0d\" data-element_type=\"widget\" data-widget_type=\"divider.default\">\n\t\t\t\t<div class=\"elementor-widget-container\">\n\t\t\t\t\t<div class=\"elementor-divider\">\n\t\t\t<span class=\"elementor-divider-separator\">\n\t\t\t\t\t\t<\/span>\n\t\t<\/div>\n\t\t\t\t<\/div>\n\t\t\t\t<\/div>\n\t\t\t\t\t\t<\/div>\n\t\t\t\t\t<\/div>\n\t\t<\/div>\n\t\t\t\t\t\t\t\t<\/div>\n\t\t\t\t\t<\/div>\n\t\t<\/section>\n\t\t\t\t<section class=\"elementor-section elementor-top-section elementor-element elementor-element-22b082c elementor-section-boxed elementor-section-height-default elementor-section-height-default\" data-id=\"22b082c\" data-element_type=\"section\" data-settings=\"{&quot;_ha_eqh_enable&quot;:false}\">\n\t\t\t\t\t\t<div class=\"elementor-container elementor-column-gap-default\">\n\t\t\t\t\t\t\t<div class=\"elementor-row\">\n\t\t\t\t\t<div class=\"elementor-column elementor-col-100 elementor-top-column elementor-element elementor-element-2e54c7c\" data-id=\"2e54c7c\" data-element_type=\"column\">\n\t\t\t<div class=\"elementor-column-wrap elementor-element-populated\">\n\t\t\t\t\t\t\t<div class=\"elementor-widget-wrap\">\n\t\t\t\t\t\t<div class=\"elementor-element elementor-element-27760c5 elementor-widget elementor-widget-heading\" data-id=\"27760c5\" data-element_type=\"widget\" data-widget_type=\"heading.default\">\n\t\t\t\t<div class=\"elementor-widget-container\">\n\t\t\t<h2 class=\"elementor-heading-title elementor-size-default\">Potrebna dokumentacija<\/h2>\t\t<\/div>\n\t\t\t\t<\/div>\n\t\t\t\t\t\t<\/div>\n\t\t\t\t\t<\/div>\n\t\t<\/div>\n\t\t\t\t\t\t\t\t<\/div>\n\t\t\t\t\t<\/div>\n\t\t<\/section>\n\t\t\t\t<section class=\"elementor-section elementor-top-section elementor-element elementor-element-51d7b0b elementor-section-boxed elementor-section-height-default elementor-section-height-default\" data-id=\"51d7b0b\" data-element_type=\"section\" data-settings=\"{&quot;_ha_eqh_enable&quot;:false}\">\n\t\t\t\t\t\t<div class=\"elementor-container elementor-column-gap-default\">\n\t\t\t\t\t\t\t<div class=\"elementor-row\">\n\t\t\t\t\t<div class=\"elementor-column elementor-col-100 elementor-top-column elementor-element elementor-element-ab68a9b\" data-id=\"ab68a9b\" data-element_type=\"column\">\n\t\t\t<div class=\"elementor-column-wrap elementor-element-populated\">\n\t\t\t\t\t\t\t<div class=\"elementor-widget-wrap\">\n\t\t\t\t\t\t<div class=\"elementor-element elementor-element-6ffc3f2 elementor-widget elementor-widget-text-editor\" data-id=\"6ffc3f2\" data-element_type=\"widget\" data-widget_type=\"text-editor.default\">\n\t\t\t\t<div class=\"elementor-widget-container\">\n\t\t\t\t\t<div class=\"elementor-text-editor elementor-clearfix\"><ul><li>pisana <a href=\"https:\/\/specklin.ffzg.unizg.hr\/wp-content\/uploads\/2026\/03\/Obrazac-prijave-za-specijalisticki-studij.docx\">prijava<\/a> na natje\u010daj za upis na studij,<\/li><li>ovjerena preslika diplome o zavr\u0161enom diplomskom studiju ili diplome o zavr\u0161enom dodiplomskom studiju prije Bolonje<\/li><li>\u017eivotopis s opisom stru\u010dne aktivnosti s posebnim osvrtom na dosada\u0161nja iskustva neposrednog rada s ljudima te dosada\u0161nje stru\u010dne izobrazbe<\/li><li>dvije obrazlo\u017eene preporuke: jednu od sveu\u010dili\u0161nog nastavnika psihologije i drugu od psihologa s radnim iskustvom u podru\u010dju klini\u010dke psihologije<\/li><li>motivacijski esej (obrazlo\u017eenje interesa za upis i poha\u0111anje specijalisti\u010dkog studija)<\/li><li>dokaz o mogu\u0107nosti primjene klini\u010dkog pristupa u svakodnevnom radu. Pristupnici koji su u radnom odnosu trebaju prilo\u017eiti potvrdu o zaposlenosti na poslovima psihologa koji uklju\u010duju neposredan rad s ljudima. Pristupnici koji su nezaposleni trebaju prilo\u017eiti obrazlo\u017eenje o tome kako \u0107e provoditi klini\u010dki rad tijekom studija (potkrijepljeno pismenim izjavama \u010delnika ustanova, institucija ili drugih pravnih osoba kod kojih \u0107e student provoditi prakti\u010dni rad)<\/li><li>potvrda o mogu\u0107nosti provo\u0111enja samostalnog rada u podru\u010dju psiholo\u0161ke djelatnosti<\/li><li>dokaz o dr\u017eavljanstvu<\/li><li><a href=\"https:\/\/specklin.ffzg.unizg.hr\/wp-content\/uploads\/2026\/03\/Obrazac-izjave-o-financiranju_tekst-br.-4-2.doc\">izjava<\/a> o financiranju<\/li><\/ul><\/div>\n\t\t\t\t<\/div>\n\t\t\t\t<\/div>\n\t\t\t\t\t\t<\/div>\n\t\t\t\t\t<\/div>\n\t\t<\/div>\n\t\t\t\t\t\t\t\t<\/div>\n\t\t\t\t\t<\/div>\n\t\t<\/section>\n\t\t\t\t<section class=\"elementor-section elementor-top-section elementor-element elementor-element-d67e7e9 elementor-section-boxed elementor-section-height-default elementor-section-height-default\" data-id=\"d67e7e9\" data-element_type=\"section\" data-settings=\"{&quot;_ha_eqh_enable&quot;:false}\">\n\t\t\t\t\t\t<div class=\"elementor-container elementor-column-gap-default\">\n\t\t\t\t\t\t\t<div class=\"elementor-row\">\n\t\t\t\t\t<div class=\"elementor-column elementor-col-100 elementor-top-column elementor-element elementor-element-87ec530\" data-id=\"87ec530\" data-element_type=\"column\">\n\t\t\t<div class=\"elementor-column-wrap elementor-element-populated\">\n\t\t\t\t\t\t\t<div class=\"elementor-widget-wrap\">\n\t\t\t\t\t\t<div class=\"elementor-element elementor-element-a252713 elementor-widget-divider--view-line elementor-widget elementor-widget-divider\" data-id=\"a252713\" data-element_type=\"widget\" data-widget_type=\"divider.default\">\n\t\t\t\t<div class=\"elementor-widget-container\">\n\t\t\t\t\t<div class=\"elementor-divider\">\n\t\t\t<span class=\"elementor-divider-separator\">\n\t\t\t\t\t\t<\/span>\n\t\t<\/div>\n\t\t\t\t<\/div>\n\t\t\t\t<\/div>\n\t\t\t\t\t\t<\/div>\n\t\t\t\t\t<\/div>\n\t\t<\/div>\n\t\t\t\t\t\t\t\t<\/div>\n\t\t\t\t\t<\/div>\n\t\t<\/section>\n\t\t\t\t<section class=\"elementor-section elementor-top-section elementor-element elementor-element-ed0c97d elementor-section-boxed elementor-section-height-default elementor-section-height-default\" data-id=\"ed0c97d\" data-element_type=\"section\" data-settings=\"{&quot;_ha_eqh_enable&quot;:false}\">\n\t\t\t\t\t\t<div class=\"elementor-container elementor-column-gap-default\">\n\t\t\t\t\t\t\t<div class=\"elementor-row\">\n\t\t\t\t\t<div class=\"elementor-column elementor-col-100 elementor-top-column elementor-element elementor-element-e198c9a\" data-id=\"e198c9a\" data-element_type=\"column\">\n\t\t\t<div class=\"elementor-column-wrap elementor-element-populated\">\n\t\t\t\t\t\t\t<div class=\"elementor-widget-wrap\">\n\t\t\t\t\t\t<div class=\"elementor-element elementor-element-90a9b93 elementor-widget elementor-widget-heading\" data-id=\"90a9b93\" data-element_type=\"widget\" data-widget_type=\"heading.default\">\n\t\t\t\t<div class=\"elementor-widget-container\">\n\t\t\t<h2 class=\"elementor-heading-title elementor-size-default\">Upisi<\/h2>\t\t<\/div>\n\t\t\t\t<\/div>\n\t\t\t\t\t\t<\/div>\n\t\t\t\t\t<\/div>\n\t\t<\/div>\n\t\t\t\t\t\t\t\t<\/div>\n\t\t\t\t\t<\/div>\n\t\t<\/section>\n\t\t\t\t<section class=\"elementor-section elementor-top-section elementor-element elementor-element-4505f06 elementor-section-boxed elementor-section-height-default elementor-section-height-default\" data-id=\"4505f06\" data-element_type=\"section\" data-settings=\"{&quot;_ha_eqh_enable&quot;:false}\">\n\t\t\t\t\t\t<div class=\"elementor-container elementor-column-gap-default\">\n\t\t\t\t\t\t\t<div class=\"elementor-row\">\n\t\t\t\t\t<div class=\"elementor-column elementor-col-100 elementor-top-column elementor-element elementor-element-4e91613\" data-id=\"4e91613\" data-element_type=\"column\">\n\t\t\t<div class=\"elementor-column-wrap elementor-element-populated\">\n\t\t\t\t\t\t\t<div class=\"elementor-widget-wrap\">\n\t\t\t\t\t\t<div class=\"elementor-element elementor-element-d46da3b elementor-widget elementor-widget-text-editor\" data-id=\"d46da3b\" data-element_type=\"widget\" data-widget_type=\"text-editor.default\">\n\t\t\t\t<div class=\"elementor-widget-container\">\n\t\t\t\t\t<div class=\"elementor-text-editor elementor-clearfix\"><p>Upisi u svaki pojedini semestar obavljaju se u Uredu za poslijediplomske studije, soba A-002\/003.<\/p><p>\u0160kolarina studija iznosi 1.600,00 EUR za jedan semestar i upla\u0107uje se u cijelosti.<\/p><p>Uplatu mo\u017eete obaviti u po\u0161ti, banci ili FINI op\u0107om uplatnicom te internet bankarstvom, IBAN: HR1823600001101311177, poziv na broj: 43-120-3038.<\/p><p><u>Napomena:<\/u><\/p><ul><li>Osobe kojima \u0161kolarinu pla\u0107a pravna osoba na upis donose narud\u017ebenicu izdanu od institucije koja preuzima obvezu pla\u0107anja.<\/li><li>Osobe koje \u0161kolarinu pla\u0107aju vlastitim sredstvima na upis donos<\/li><\/ul><\/div>\n\t\t\t\t<\/div>\n\t\t\t\t<\/div>\n\t\t\t\t\t\t<\/div>\n\t\t\t\t\t<\/div>\n\t\t<\/div>\n\t\t\t\t\t\t\t\t<\/div>\n\t\t\t\t\t<\/div>\n\t\t<\/section>\n\t\t\t\t\t\t<\/div>\n\t\t\t\t\t\t<\/div>\n\t\t\t\t\t<\/div>\n\t\t","protected":false},"excerpt":{"rendered":"<p>Raspisan je natje\u010daj za upis na Sveu\u010dili\u0161ni specijalisti\u010dki studij klini\u010dke psihologije u akademskoj godini 2026.\/2027. Pozivamo sve zainteresirane kandidate sa zavr\u0161enim sveu\u010dili\u0161nim diplomskim studijem psihologije da se prijave na natje\u010daj za upis na Sveu\u010dili\u0161ni specijalisti\u010dki studij klini\u010dke psihologije. Vi\u0161e o uvjetima saznajte u tekstu natje\u010daja. Prijave na natje\u010daj otvorene su do 31.5.2026. nakon \u010dega \u0107e&hellip;<\/p>\n","protected":false},"author":3,"featured_media":111,"parent":0,"menu_order":0,"comment_status":"closed","ping_status":"closed","template":"elementor_header_footer","meta":{"footnotes":""},"class_list":["post-20","page","type-page","status-publish","has-post-thumbnail","hentry"],"_links":{"self":[{"href":"https:\/\/specklin.ffzg.unizg.hr\/index.php\/wp-json\/wp\/v2\/pages\/20","targetHints":{"allow":["GET"]}}],"collection":[{"href":"https:\/\/specklin.ffzg.unizg.hr\/index.php\/wp-json\/wp\/v2\/pages"}],"about":[{"href":"https:\/\/specklin.ffzg.unizg.hr\/index.php\/wp-json\/wp\/v2\/types\/page"}],"author":[{"embeddable":true,"href":"https:\/\/specklin.ffzg.unizg.hr\/index.php\/wp-json\/wp\/v2\/users\/3"}],"replies":[{"embeddable":true,"href":"https:\/\/specklin.ffzg.unizg.hr\/index.php\/wp-json\/wp\/v2\/comments?post=20"}],"version-history":[{"count":101,"href":"https:\/\/specklin.ffzg.unizg.hr\/index.php\/wp-json\/wp\/v2\/pages\/20\/revisions"}],"predecessor-version":[{"id":1303,"href":"https:\/\/specklin.ffzg.unizg.hr\/index.php\/wp-json\/wp\/v2\/pages\/20\/revisions\/1303"}],"wp:featuredmedia":[{"embeddable":true,"href":"https:\/\/specklin.ffzg.unizg.hr\/index.php\/wp-json\/wp\/v2\/media\/111"}],"wp:attachment":[{"href":"https:\/\/specklin.ffzg.unizg.hr\/index.php\/wp-json\/wp\/v2\/media?parent=20"}],"curies":[{"name":"wp","href":"https:\/\/api.w.org\/{rel}","templated":true}]}}